n = 16 - 9. Let a = n + -3. Suppose 110 = 3*f - a*u, 4*f + 2*u - 140 = -f. What is the remainder when 88 is divided by f?
28
Let q = -7 - -4. Calculate the remainder when -2*(q - (-99)/(-6)) is divided by 10.
9
Suppose 33*f - 3*p = 32*f + 132, 3*f = p + 372. Calculate the remainder when f is divided by 105.
18
Suppose 0 = i - 3*y - 1613, -7*i + 2*i + 8109 = -4*y. What is the remainder when i is divided by 74?
71
Let r(l) = -33*l - 258. Calculate the remainder when 61 is divided by r(-8).
1
Let t(k) = -2*k - 7. Let z be t(2). Let l = 0 - -5. Calculate the remainder when 1 - ((4 - 5) + z) is divided by l.
3
Suppose 0 = 6*a + 34 - 124. What is the remainder when 238 is divided by a?
13
Let i(r) = 4*r - 5. Let g be (6/4)/((-11)/(-22)). What is the remainder when 11 is divided by i(g)?
4
Suppose -167 = 3*u + 5*b, 0 = -b + 3 + 2. Let g = 67 + u. What is the remainder when g is divided by 3?
0
Suppose -2*f - 5*l + 100 = 0, 0 = f + l + 25 - 72. Let q(j) = -j + 5. Calculate the remainder when f is divided by q(-7).
9
Let p = 13273 + -13245. Suppose -5*v + 2*d + 44 = 0, -2*v + 5*v - 30 = 3*d. What is the remainder when p is divided by v?
4
Suppose -3*o - o = 8, o - 26 = -2*r. Suppose -15 - r = -2*s - g, 4*s + 3*g = 61. Calculate the remainder when 50 is divided by s.
11
Let l = -22 - -142. Calculate the remainder when l is divided by 25.
20
Let h = 2256 + -551. What is the remainder when h is divided by 122?
119
Suppose 2347 + 959 = 29*c. Calculate the remainder when 796 is divided by c.
112
Let c = -64 - -89. Let o(i) = -18*i - 35. What is the remainder when o(-13) is divided by c?
24
What is the remainder when (-16)/(-6)*(-1)/((-1)/18) is divided by 10?
8
Let b = -72 - -111. Suppose 0 = 5*i + 3*h + 16, -5*i + h - 4 = -2*h. Calculate the remainder when b is divided by 1/(i - 29/(-14)).
11
Let w(c) = 2*c**2 - 3*c. Let m(y) = y**3 - 6*y**2 - 6*y - 4. Let b be 19/3 - 2/(-3). Let d be m(b). Calculate the remainder when w(d) is divided by 3.
0
Suppose 2*i - 50 = -s, 0 = -i + 6*i - 4*s - 112. Calculate the remainder when 165 is divided by i.
21
Suppose -2*s + 0*s = -126. Let v(o) = o**2 + 6*o + 6. Let q be v(-6). Let b = q - -10. Calculate the remainder when s is divided by b.
15
Suppose -36*r + 58*r - 616 = 0. What is the remainder when r is divided by 12?
4
Calculate the remainder when 45 is divided by -1 + 17 + (1 - (-9 - -6)).
5
Let t = 8 + -3. Suppose -2*k = -k - t. Let b = 160 - 143. What is the remainder when b is divided by k?
2
Let h(x) = -3*x. Let a = 181 - 183. Calculate the remainder when 412/20 - (16/10 + a) is divided by h(-2).
3
Let p = -18 - -110. Calculate the remainder when p is divided by 15.
2
Suppose -3*n + 45 = -4*t, n + t = 2*n - 14. What is the remainder when 142 is divided by n?
10
Suppose 0 = 5*a - 5*j - 260, -5*j + 2*j - 3 = 0. Calculate the remainder when 866 is divided by a.
50
What is the remainder when 179 is divided by (132/(-5))/(25/250*-4)?
47
Let k be 4/(-1 + 20/16). Suppose 4*x - k = 4*z, x - 50 + 16 = -5*z. Calculate the remainder when 17 is divided by x.
8
Suppose 62 + 290 = 4*k - 4*s, -5*s + 370 = 4*k. Calculate the remainder when 718 is divided by k.
88
Let p = -44 + 58. Suppose -p*y = -17*y + 222. Calculate the remainder when y is divided by 15.
14
Let d(p) = -42*p + 508. Calculate the remainder when 180 is divided by d(11).
42
Suppose 2376 = 24*r - 624. What is the remainder when r is divided by 46?
33
Let g = 161 - 152. What is the remainder when 77 is divided by g?
5
Suppose -59*m = 3*m - 2170. Calculate the remainder when m is divided by 2/((-2)/(-19)) - 1.
17
Suppose -54 = 5*s + 1. Let g(d) = 11*d**2 + 1 + 2*d + 1 - 4*d + d**3. Calculate the remainder when 45 is divided by g(s).
21
Let x be 2/(-7) - 6120/42. Let d = -77 - x. What is the remainder when d is divided by 9?
6
Suppose -d + 42 - 35 = 0. Let a(l) = 11*l + 18. What is the remainder when a(d) is divided by 6?
5
Suppose 22*f - 25*f = -15. Suppose -4*i = 8*v - 13*v + 265, -5*v + 5*i = -265. Calculate the remainder when v is divided by f.
3
Suppose -10545 = -39*b + 2*b. What is the remainder when b is divided by 83?
36
Let g(b) = b + 19. Let z be g(-15). Suppose 65 = z*l - 295. Calculate the remainder when l is divided by 31.
28
Suppose 3*h + 1 = 208. Suppose -k - 114 = -4*x + 2*k, -3*k + 129 = 5*x. What is the remainder when h is divided by x?
15
Let o(v) = -v**2 + 6*v + 16. Let f be o(8). Suppose -9*b + 8*b + 3 = f. What is the remainder when 7 is divided by b?
1
Calculate the remainder when 97 is divided by (-11)/((-2 - -1)*(-3)/(-3)).
9
Let v = -6 - -37. Let b = 203 + -199. Suppose b*q - 9 = v. Calculate the remainder when 17 is divided by q.
7
Suppose 0 = 129*v - 70*v - 30031. Calculate the remainder when v is divided by 15.
14
Let h(r) = 7*r - 1. Let v be h(1). Suppose 0 = 4*j - 4*y + v*y - 46, -2*j + 26 = 4*y. Calculate the remainder when -3*(-3 - 10) + 2 is divided by j.
8
Suppose -s + 3*u + 117 = -69, -5*u = 2*s - 350. Suppose 7*x - s = 3*x. What is the remainder when x is divided by 18?
9
Suppose -9*z - 16 = -43. Calculate the remainder when 14 is divided by z.
2
Suppose -22 = -3*w - 4. Suppose -3*k = -w*k + 39. Calculate the remainder when 2/2 - 0 - -36 is divided by k.
11
Let o = -1013 - -1102. Calculate the remainder when o is divided by 30.
29
Suppose 9*z - 396 = -36. Suppose 6*m = 7*m. Suppose -2*c + 2 = m, 0*x + 2*x = -2*c + 30. Calculate the remainder when z is divided by x.
12
Suppose -79 = 2*w + 93. Let l = 143 + w. What is the remainder when l is divided by 20?
17
Let q be (168/(-98))/((-2)/7). Suppose 217 = 13*w - q*w. What is the remainder when w is divided by 11?
9
Let b(x) = 50*x - 1377. Calculate the remainder when ((-1)/1)/((-2)/166) is divided by b(28).
14
Let k be -9 - -6 - (-1 + -2). Suppose -3*a - 3*a + 72 = k. Let y = 77 + -32. Calculate the remainder when y is divided by a.
9
Let x = -19 - -26. What is the remainder when 26 is divided by x - 3*1/(-3)?
2
Let c = 36 - 50. Let b = c - -17. Suppose b*l = -0*l + 39. What is the remainder when l is divided by 4?
1
Suppose i = 6*i - a - 3401, 0 = -4*i + a + 2720. What is the remainder when i is divided by 57?
54
Suppose -22 = -5*z - 2*f + 6, -2*f = -2*z. Suppose z*j - 4*i - 364 = i, i - 388 = -4*j. What is the remainder when j is divided by 14?
12
Calculate the remainder when (7 + -889)*((-1)/2 - 0) is divided by 12.
9
Let r = -886 + 1085. What is the remainder when r is divided by 36?
19
Let l = 3 - -1. Suppose -l*d - 5*i + 24 = 0, -2*d - 2*i + 0 + 10 = 0. Let x(n) = -n**3 - 27*n**2 - 29*n - 77. What is the remainder when d is divided by x(-26)?
0
What is the remainder when 205 is divided by -2 - 3 - (95/(-5) - -4)?
5
Calculate the remainder when ((-3358)/69)/(2/(-3)) is divided by (-1)/((-3)/87) + -3.
21
Let n(q) = -2*q + 7. Let z be n(5). Suppose 206*j - 6504 + 1354 = 0. What is the remainder when j is divided by ((-1)/z - -2)*3?
4
Suppose -10 = -4*o - o. Suppose 0 = -2*g + 4*s - 14, s = o*g + 2*g + 49. Let q = g + 27. What is the remainder when 55 is divided by q?
13
What is the remainder when 7 is divided by ((-14)/(-98))/(1/7)?
0
Let q(o) = -o**3 - 7*o**2 + 16. Let j be (-7)/3 - (-1)/3 - 5. What is the remainder when 95 is divided by q(j)?
15
Suppose d - 14 = -2*u, -2*d - u + 23 = -2*u. What is the remainder when 287 is divided by d?
11
Suppose 0*c = c - 2*b + 7, 5 = 5*b. Calculate the remainder when ((-186)/(-15))/((-1)/c) is divided by (-4)/(-10) + 515/25.
20
Let j(t) be the third derivative of 0*t + 1/120*t**6 + 1/6*t**4 - 1/5*t**5 + 0 + 7*t**2 + 1/2*t**3. Calculate the remainder when j(12) is divided by 18.
15
Suppose 0 = 2*c - 2, -9*d - 2*c + 42 = -5*d. What is the remainder when 12 is divided by d?
2
Suppose 0 = 5*x - 23 + 3. Let r = 7 + x. What is the remainder when 19 is divided by r?
8
Let g be (153 - 1 - 1) + 4. Let v = g - 110. Calculate the remainder when v is divided by 8.
5
Suppose 2*n - 52 = 6*n. Let h(y) = -y**2 - 15*y - 9. Calculate the remainder when 45 is divided by h(n).
11
Suppose 0 = 4*l - 3*a - 9, -4*l + l + 5*a + 4 = 0. Suppose -l*n + 0*n = -84. What is the remainder when n is divided by (90/12)/((-36)/16 - -3)?
8
Let g be (-3)/((-6)/(-4)) - -4. Let h(v) = -3*v**g + 8*v**2 - 2*v**2 + 2*v. What is the remainder when 21 is divided by h(-2)?
5
Suppose 